{"id":56,"date":"2014-07-03T23:56:42","date_gmt":"2014-07-03T23:56:42","guid":{"rendered":"http:\/\/greengrocer-senegal.com\/?page_id=56"},"modified":"2023-03-31T15:55:05","modified_gmt":"2023-03-31T15:55:05","slug":"localizacion-y-contacto","status":"publish","type":"page","link":"http:\/\/greengrocer-senegal.com\/?page_id=56","title":{"rendered":"Nuestros profesionales"},"content":{"rendered":"<p><img decoding=\"async\" loading=\"lazy\" class=\"alignleft\" src=\"http:\/\/greengrocer-senegal.com\/wp-content\/uploads\/2014\/07\/baobab-verde.png\" alt=\"baobab verde\" width=\"227\" height=\"273\" data-id=\"990\" \/><\/p>\n<p><strong><em>Director general:\u00a0<\/em>Andr\u00e9s Mart\u00ednez Espinosa<\/strong><\/p>\n<p>Correo: <a href=\"mailto:andres@greengrocer-senegal.com\">andres@greengrocer-senegal.com<\/a><\/p>\n<p><img decoding=\"async\" loading=\"lazy\" class=\"size-full wp-image-987 alignleft\" src=\"http:\/\/greengrocer-senegal.com\/wp-content\/uploads\/2014\/07\/baobab-amarillo-1.png\" alt=\"baobab amarillo\" width=\"227\" height=\"273\" data-id=\"987\" \/><\/p>\n<p><strong><em>Director general adjunto: <\/em>David Mart\u00ednez Mira<\/strong><\/p>\n<p>Correo: <a href=\"mailto:david@greengrocer-senegal.com\">david@greengrocer-senegal.com <\/a><\/p>\n<p><\/p>","protected":false},"excerpt":{"rendered":"<p>Director general:\u00a0Andr\u00e9s Mart\u00ednez Espinosa Correo: andres@greengrocer-senegal.com Director general adjunto: David Mart\u00ednez Mira Correo: david@greengrocer-senegal.com<\/p>\n","protected":false},"author":1,"featured_media":0,"parent":499,"menu_order":0,"comment_status":"closed","ping_status":"closed","template":"","meta":[],"_links":{"self":[{"href":"http:\/\/greengrocer-senegal.com\/index.php?rest_route=\/wp\/v2\/pages\/56"}],"collection":[{"href":"http:\/\/greengrocer-senegal.com\/index.php?rest_route=\/wp\/v2\/pages"}],"about":[{"href":"http:\/\/greengrocer-senegal.com\/index.php?rest_route=\/wp\/v2\/types\/page"}],"author":[{"embeddable":true,"href":"http:\/\/greengrocer-senegal.com\/index.php?rest_route=\/wp\/v2\/users\/1"}],"replies":[{"embeddable":true,"href":"http:\/\/greengrocer-senegal.com\/index.php?rest_route=%2Fwp%2Fv2%2Fcomments&post=56"}],"version-history":[{"count":110,"href":"http:\/\/greengrocer-senegal.com\/index.php?rest_route=\/wp\/v2\/pages\/56\/revisions"}],"predecessor-version":[{"id":1052,"href":"http:\/\/greengrocer-senegal.com\/index.php?rest_route=\/wp\/v2\/pages\/56\/revisions\/1052"}],"up":[{"embeddable":true,"href":"http:\/\/greengrocer-senegal.com\/index.php?rest_route=\/wp\/v2\/pages\/499"}],"wp:attachment":[{"href":"http:\/\/greengrocer-senegal.com\/index.php?rest_route=%2Fwp%2Fv2%2Fmedia&parent=56"}],"curies":[{"name":"wp","href":"https:\/\/api.w.org\/{rel}","templated":true}]}}