{"id":89,"date":"2014-07-05T00:04:11","date_gmt":"2014-07-05T00:04:11","guid":{"rendered":"http:\/\/greengrocer-senegal.com\/?page_id=89"},"modified":"2016-08-18T18:27:56","modified_gmt":"2016-08-18T18:27:56","slug":"ajos","status":"publish","type":"page","link":"http:\/\/greengrocer-senegal.com\/?page_id=89","title":{"rendered":"Ajo"},"content":{"rendered":"<p>&nbsp;<\/p>\n<p><img decoding=\"async\" loading=\"lazy\" class=\"aligncenter wp-image-572\" src=\"http:\/\/greengrocer-senegal.com\/wp-content\/uploads\/2016\/06\/AJO.png\" alt=\"AJO\" width=\"1003\" height=\"274\" data-id=\"572\" srcset=\"http:\/\/greengrocer-senegal.com\/wp-content\/uploads\/2016\/06\/AJO.png 723w, http:\/\/greengrocer-senegal.com\/wp-content\/uploads\/2016\/06\/AJO-300x82.png 300w\" sizes=\"(max-width: 1003px) 100vw, 1003px\" \/><\/p>\n<p>Hortaliza perteneciente a la familia de las Lili\u00e1ceas. Cuyo origen se establece en Asia central, desde donde se extendi\u00f3 al resto del mundo. Lo interesante de la planta es el bulbo (cabeza de ajo) formada por una envoltura blanca la cual est\u00e1 formada por varios bulbillos (los dientes de ajo).<\/p>\n<p>Con GreenGrocer Senegal podr\u00e1 disponer de Ajo con la garant\u00eda de la mejor calidad durante todo el a\u00f1o. Su cultivo va acompa\u00f1ado siempre de\u00a0 t\u00e9cnicas avanzadas y respetuosas con el medio ambiente. Nuestros especialistas se encargan de escoger los productos en las mejores condiciones.<\/p>\n<p><img decoding=\"async\" loading=\"lazy\" class=\"wp-image-636 aligncenter\" src=\"http:\/\/greengrocer-senegal.com\/wp-content\/uploads\/2016\/06\/AJO-1.png\" alt=\"AJO\" width=\"596\" height=\"421\" data-id=\"636\" srcset=\"http:\/\/greengrocer-senegal.com\/wp-content\/uploads\/2016\/06\/AJO-1.png 1754w, http:\/\/greengrocer-senegal.com\/wp-content\/uploads\/2016\/06\/AJO-1-300x212.png 300w, http:\/\/greengrocer-senegal.com\/wp-content\/uploads\/2016\/06\/AJO-1-768x543.png 768w, http:\/\/greengrocer-senegal.com\/wp-content\/uploads\/2016\/06\/AJO-1-1024x724.png 1024w\" sizes=\"(max-width: 596px) 100vw, 596px\" \/><\/p>\n<p><strong><em><u>Garant\u00edas de conservaci\u00f3n y trasporte<\/u><\/em><\/strong><\/p>\n<p>Las recomendaciones para la conservaci\u00f3n durante el transporte de este tipo de hortaliza son refrigerada entre 2\u00ba y 4\u00baC. GreenGrocer Senegal garantiza que se mantiene la cadena fr\u00edo durante el transporte desde la recolecta hasta su entrega.<\/p>\n<p>&nbsp;<\/p>","protected":false},"excerpt":{"rendered":"<p>&nbsp; Hortaliza perteneciente a la familia de las Lili\u00e1ceas. Cuyo origen se establece en Asia central, desde donde se extendi\u00f3 al resto del mundo. Lo interesante de la planta es el bulbo<a class=\"moretag\" href=\"http:\/\/greengrocer-senegal.com\/?page_id=89\">Read More&#8230;<\/a><\/p>\n","protected":false},"author":1,"featured_media":0,"parent":51,"menu_order":0,"comment_status":"closed","ping_status":"closed","template":"","meta":[],"_links":{"self":[{"href":"http:\/\/greengrocer-senegal.com\/index.php?rest_route=\/wp\/v2\/pages\/89"}],"collection":[{"href":"http:\/\/greengrocer-senegal.com\/index.php?rest_route=\/wp\/v2\/pages"}],"about":[{"href":"http:\/\/greengrocer-senegal.com\/index.php?rest_route=\/wp\/v2\/types\/page"}],"author":[{"embeddable":true,"href":"http:\/\/greengrocer-senegal.com\/index.php?rest_route=\/wp\/v2\/users\/1"}],"replies":[{"embeddable":true,"href":"http:\/\/greengrocer-senegal.com\/index.php?rest_route=%2Fwp%2Fv2%2Fcomments&post=89"}],"version-history":[{"count":12,"href":"http:\/\/greengrocer-senegal.com\/index.php?rest_route=\/wp\/v2\/pages\/89\/revisions"}],"predecessor-version":[{"id":1015,"href":"http:\/\/greengrocer-senegal.com\/index.php?rest_route=\/wp\/v2\/pages\/89\/revisions\/1015"}],"up":[{"embeddable":true,"href":"http:\/\/greengrocer-senegal.com\/index.php?rest_route=\/wp\/v2\/pages\/51"}],"wp:attachment":[{"href":"http:\/\/greengrocer-senegal.com\/index.php?rest_route=%2Fwp%2Fv2%2Fmedia&parent=89"}],"curies":[{"name":"wp","href":"https:\/\/api.w.org\/{rel}","templated":true}]}}